+ -13 + 3)?
5
Let o(a) = -5*a - 75. Let p be o(-16). Suppose -4*v + 16 = 0, 4*y - 2076 = -p*v - 704. What is the tens digit of y?
3
Let h be -3 + 0 + 1 - -29. Suppose 5*f - 2*y - h = 4*f, 54 = 2*f + 4*y. Suppose -73 = -5*r + f. What is the units digit of r?
0
Let n be (12 - 10)*(-2)/2. Suppose -4*x + 3*t = 103, 131 = -4*x - 3*t + 34. Let a = n - x. What is the units digit of a?
3
What is the hundreds digit of (-4849)/(-9) - 10/(-45)?
5
Suppose f + 4*f = 0. Suppose 0*t - 4*t + 56 = f. What is the tens digit of t?
1
Suppose 2*r - 18 = -26, 5*f + 5*r = 465. What is the units digit of f?
7
Suppose 0*h - 2*v = 3*h - 25, -15 = -4*h + v. Suppose -5*r + 170 = h*j, -4*r + 48 = j - 100. What is the tens digit of r?
3
Let v(j) = -307*j - 201. What is the tens digit of v(-9)?
6
Suppose 0 = -41*r + 43*r - 616. Let h = r + -171. What is the hundreds digit of h?
1
Suppose 4*i + 2*b = 1872, 6*i - 3*i + 3*b - 1407 = 0. What is the hundreds digit of i?
4
Suppose -19 = -4*p + 41. Let m(j) = j**2 - 12*j - 11. What is the units digit of m(p)?
4
Suppose 5*q - 7121 = 2*g, -q + 4*g = -2143 + 726. What is the units digit of q?
5
Suppose -549 = -14*h + 179. What is the tens digit of h?
5
Let k be (9 - 7)*(4 + -1). Suppose 0 = x - 3*q + 7, 14 = 3*x - k*x + 2*q. What is the tens digit of (-5)/20 - 121/x?
3
Suppose -3*v = -2*t + 4170, -t + 5*v + 2366 = 274. What is the tens digit of t?
8
Let q be (-138)/15 + (-2)/(-10). What is the units digit of (q - -3)*21/(-18)?
7
Suppose -19*o + 8132 = -16*o - 5*u, 0 = 5*o + 4*u - 13541. What is the thousands digit of o?
2
Suppose 0 = 3*r + g - 2, 0*g + 14 = -4*r + 2*g. Let b be 124/8*r*4. Let n = -37 - b. What is the tens digit of n?
2
Suppose -39*d = -48*d + 31896. What is the thousands digit of d?
3
What is the tens digit of 25/3*(-1)/((-3)/162)?
5
Let n be (8/(-10))/((-8)/100). Suppose 2*r - n - 6 = -4*h, 0 = h - 5. What is the units digit of 4 - -3 - 0/r?
7
Suppose -y = j - 5 + 3, y + 3*j + 4 = 0. What is the units digit of (6/y)/((-15)/(-800))?
4
Let v(l) = l**2 - 2*l + 7. Let q be v(0). Let w(s) = -s**2 + 10*s - 7. What is the tens digit of w(q)?
1
Let r = -10 + 8. What is the units digit of -1 - r/((-4)/(-178))?
8
Suppose -5*d + x = -754, d = -4*x - 95 + 229. Let m = d - 58. What is the units digit of m?
2
Let g be 2 + (-2 - 2) - -4. Suppose 2*w - 11 = 3*w - g*m, -4*w + m - 37 = 0. Let o = w + 23. What is the tens digit of o?
1
Let j = 75 + -123. Let r = 136 - j. What is the units digit of r?
4
Let o(d) = -d - 18. Let j(x) = -18. Let n(r) = -4*j(r) + 6*o(r). What is the tens digit of n(-12)?
3
What is the thousands digit of 1987 + (18/2 - (-30)/(-5))?
1
Suppose 81*o = 79*o + 1098. What is the tens digit of o?
4
Let v(w) = 5*w - 10*w - 10*w**2 + w**3 + 13 + 3. Let m(r) = 1. Let f(o) = 4*m(o) - v(o). What is the units digit of f(10)?
8
Let v be (2 + -5)*260/12. Let o = 393 + v. What is the units digit of o?
8
Suppose 0*n - 30*n = -77070. What is the thousands digit of n?
2
Let u = -229 + 833. What is the units digit of u?
4
Let m(v) = 5*v**3 - 2 + 1 - 1 - 6*v**3 - 7*v**2 + v. Let b be m(-7). Let i = b + 58. What is the units digit of i?
9
Let x(n) = -n + 3. Let t be x(4). Let o be t*(-85 + (3 - 3)). Suppose 5*r = 25 + o. What is the tens digit of r?
2
Suppose -105550 = -63*b + 38*b. What is the thousands digit of b?
4
Let o be (-2)/1*43/(-2). Suppose 0 = x - 3*m - o, -55 = -2*x - m + 10. What is the units digit of x?
4
Suppose -13*f + 3312 = -9*f. What is the units digit of (-5 + (-30)/(-12))*f/(-10)?
7
Suppose 44 + 3511 = 15*a. What is the tens digit of a?
3
Let y be 2/(-3) - 332/(-12). Let u(p) = -4*p + 4. Let b be u(4). Let f = b + y. What is the units digit of f?
5
Suppose i + 2*i = 3510. Suppose 4*q = i - 382. What is the units digit of q?
7
Let t = 5993 + -3056. What is the thousands digit of t?
2
Suppose -4*c - 4*u = u - 1327, 0 = -5*c - 4*u + 1661. Suppose -j = 2*j - c. What is the hundreds digit of j?
1
Let d be 6*(-7)/(-14) - -1*1. Suppose -4*f = 5*v - 81, -d*f = -3*v + 4*v - 29. What is the tens digit of v?
1
Suppose -28 = -19*b + 12*b. What is the units digit of b?
4
Let i be 27 - -2*3/6. Suppose -6 = a - 3*l, a + i = 5*a + l. What is the units digit of a?
6
Suppose -2*i - 822 = 5*y, 2*i - 5 = 3. Let w be (-1 - -2)/(2/y). Let b = w - -146. What is the tens digit of b?
6
Let i = 2364 + -525. What is the tens digit of i?
3
Let a = 34 + -20. Let n be (-197)/(-7) - 2/a. Suppose 6*y - n = 80. What is the units digit of y?
8
Suppose -d = -4*d. Suppose 0 = -2*x + 7*x - 35. Suppose d = x*w - 2*w - 135. What is the units digit of w?
7
Let k(l) = 3*l**2 + 4. Let i be 77/28 - 2/(-8). What is the tens digit of k(i)?
3
Let f(p) = p**3 + 5*p**2 - 4. Let v be f(-5). Let x = 39 - v. Let m = -29 + x. What is the tens digit of m?
1
Let x(y) = 148*y - 7. What is the units digit of x(13)?
7
Let a = -5339 - -7503. What is the hundreds digit of a?
1
Suppose 0 = -5*g - 4*h + 175, -3*g - 2*h = 11 - 114. Suppose 3*f + 10 - g = 0. Let z = f - -2. What is the units digit of z?
9
Suppose 13*f = 136 - 6. Suppose 7*r - f*r + 54 = 0. What is the tens digit of r?
1
Let d = 9 - 7. Let h be d - 4 - (1 - 6). Suppose c + g - 6 = h, -g = -3*c + 35. What is the tens digit of c?
1
Let v(n) = n**2 - n + 75. Suppose 2*l = 3*k + 12, -3*l + k = -3 - 1. What is the units digit of v(l)?
5
Let h(q) = 7*q + 34 - 3*q - 35. Let g(x) = -x**3 + 4*x**2 - 3*x + 1. Let k be g(3). What is the units digit of h(k)?
3
Suppose 4*s = -3*t + 2752 - 863, 2*t - 2*s - 1278 = 0. What is the units digit of t?
5
Suppose -3*g = v - 550 - 979, 6161 = 4*v + 3*g. Suppose 5*m - v = -194. What is the tens digit of m?
7
Let x(v) = -2*v**2 - 5*v. Let w(a) = a**2 + 16*a + 10. Let o be w(-15). Let i be x(o). What is the tens digit of 132/(-10)*i/10?
3
Suppose -88*f - 36747 = -97*f. What is the thousands digit of f?
4
Let w = -64 + 439. Suppose 26*r - w = 23*r. What is the tens digit of r?
2
Suppose 1579 = 2*o + x, -5*o - 2*x + 3602 + 343 = 0. What is the tens digit of o?
8
Suppose -r + 2 = 0, z = -z + 2*r + 20. Suppose 32 = 2*n + z. Suppose x = d - 14, -2*d + 4*x = -26 - n. What is the units digit of d?
0
What is the tens digit of ((-1)/(6/9))/((-7)/294)?
6
Let a(l) be the first derivative of 8*l**3/3 - 5*l**2/2 - 17*l - 39. What is the units digit of a(6)?
1
Suppose 3*l = -0*l - 2*y + 4, 4*l - y + 2 = 0. Suppose 2*z + f - 49 = l, 5*f - 118 = -5*z + f. What is the units digit of z?
6
Let o = 115 + -110. Suppose 0*y + 334 = 2*d + o*y, 2*y = 4*d - 668. What is the units digit of d?
7
Let i be (-2)/(-4)*-10*-1. Let j(d) = i*d**2 + 3*d**2 - 8 + 10*d - d**3 - 2*d**2. What is the units digit of j(7)?
3
Suppose -34 = -2*c - 28. Let r = 5 - c. Suppose -10 = -r*i - 0, g - 76 = -4*i. What is the units digit of g?
6
Let x = 3 - 5. Let m be (-3)/x*(-32)/(-3). Let q = -12 + m. What is the units digit of q?
4
Let x be -2*(3 + -2 + -3)/2. Suppose x*n - 4*n + 206 = r, 5*n - 2*r - 515 = 0. What is the tens digit of n?
0
Suppose -38*y = -69435 + 9167. What is the hundreds digit of y?
5
Suppose -440 = -81*c + 76*c. What is the tens digit of c - -1 - (-24 + 26)?
8
Suppose y + 351 = 3*h + 1764, -2*y - 5*h = -2870. What is the units digit of y?
5
Let y(a) = -3*a + 0*a + 2*a**2 - 3 + 10*a. Let l be y(-7). Suppose 6*h = 3*h + 2*f + l, 2*f - 8 = 0. What is the tens digit of h?
1
What is the hundreds digit of (1 - (-1)/2)/(4/1176)?
4
Suppose 2*m - 4146 - 1376 = -4*j, -5532 = -2*m + j. Suppose 3*f + m = 8*f. Suppose -6*k + 13*k - f = 0. What is the tens digit of k?
7
Let c be (16/(-2 + 1))/1. What is the units digit of (c/(-12))/(-2)*-54?
6
Let c = -1606 - -2821. What is the hundreds digit of c?
2
Let f(o) be the first derivative of 11*o**2/2 - o - 4. Let h be f(1). What is the units digit of (-1 + 5)*h/8?
5
Suppose -7*d = 207 - 7487. What is the tens digit of d?
4
Let n be (-30 - -5)*(-2)/(-5). Let a(v) = v**3 + 11*v**2 + 4*v + 3. Let y be a(n). Suppose 6 = 2*g, -4*g + y = 3*f + g. What is the units digit of f?
6
Suppose 5*g = 2*k - 3*k - 5, -k - 2*g = 2. What is the hundreds digit of (3247/(-68))/(k + (-2)/8)?
1
What is the units digit of (3 - 10071)*(21/(-9))/7?
6
Let f be (-1 - (1 - -10))/(14 - 15). What is the units digit of 1/(5 + -3 - 21/f)?
4
Let d = -544 + 1341. What is the hundreds digit of d?
7
Let l be